- 4. Calculate the highest common divisor of a and 15.
15
Let m be ((-126)/84)/(1/((-14)/3)). Calculate the highest common divisor of 35 and m.
7
Let g = -224 + 226. What is the highest common divisor of 80 and g?
2
Suppose -3*l = 3*p + p - 28, 0 = -4*l. Calculate the highest common factor of p and 35.
7
Suppose 95*q = 88*q + 504. Suppose -4*d - 10 - 34 = -3*j, -d - 45 = -5*j. What is the highest common divisor of q and j?
8
Let v(i) = 6*i + 5. Let w be v(5). Suppose 0*u + 6 = 3*u. Let m be (-5)/u*(-5 + 3). Calculate the highest common factor of w and m.
5
Suppose 64*b - 68*b + 180 = 0. What is the highest common divisor of b and 225?
45
Let u(i) = -23*i - 17*i + 41*i + i**2 - 14 - 12. Let w be u(5). What is the highest common factor of w and 40?
4
Suppose -u + 5*l + 11 = 0, -3*u + 6*l = 2*l. Let c be (-3 - -12)*(-4)/(-36). Let j be (-7696)/(-64) + c/u. Calculate the greatest common divisor of j and 48.
24
Suppose 160 = -301*o + 309*o. What is the highest common divisor of o and 2500?
20
Let y be ((-8 - -1)/1 + 1)*-6. Let p = -3 + 2. Let o be (91*1 - p) + -2. What is the greatest common divisor of y and o?
18
Let l be 1986*(-4)/(-18) - 1/3. Let v = l - 224. Calculate the highest common factor of 31 and v.
31
Suppose -4*f + 4*y = -y - 310, 4*f + 2*y = 296. Let c(j) = -4*j - 66. Let g be c(-24). What is the greatest common divisor of f and g?
15
Let w(l) = l + 2. Let o be w(-2). Let j be (-12 - (o + -3))*-1. Calculate the highest common divisor of 27 and j.
9
Suppose -13*x + 1044 - 199 = 0. Let l(n) = -n**3 - 7*n**2 - 6*n + 5. Let q be l(-6). Calculate the highest common divisor of q and x.
5
Let f(n) = -n**3 - 16*n**2 + 18*n + 17. Let i be f(-17). Suppose i = o - 8 - 1. What is the highest common factor of o and 9?
9
Let z = 87 - 171. Let u = z - -97. What is the highest common factor of u and 52?
13
Suppose -3*f - 25 = -3*t + f, -5*t = -4*f - 31. Suppose 60 = 5*l + 5*a, -18 + 3 = -t*a. Calculate the greatest common divisor of l and 63.
7
Suppose 2*d = -4*w + 4168, d = w - 5*w + 4172. Calculate the greatest common divisor of w and 36.
36
Let r = 132 - -678. Calculate the highest common factor of r and 30.
30
Let n = 224 - 147. Calculate the highest common divisor of n and 88.
11
Let d = -182 - -245. Let g = 2 - 2. Suppose 3*q = -3*h + 33, g = -0*q - q + 2. What is the greatest common divisor of h and d?
9
Let k be ((-6)/4)/((-6)/180). Let n(q) = -7*q - 227. Let b be n(-35). Calculate the highest common divisor of k and b.
9
Let p(w) = -22*w**3 - 2*w. Let n be p(-1). Calculate the greatest common divisor of n and 312.
24
Suppose 0 = 5*j - 227 - 33. Suppose 5*x + 0*b = 4*b + 133, 2*x - b - j = 0. What is the greatest common divisor of x and 75?
25
Suppose -a + 30 = 5*w + 79, 3*w + 119 = -2*a. Let l = 68 + a. What is the greatest common factor of 44 and l?
4
Let p = -418 - -1012. Calculate the highest common factor of p and 12.
6
Suppose -1916 - 2116 = -7*p. Calculate the highest common factor of p and 9.
9
Let y(m) = 4*m - 22. Let q be y(8). Let p be ((-3)/(-1))/((-3)/(-30)*3). Calculate the highest common divisor of p and q.
10
Let a(d) = d**3 + 14*d**2 - 17*d - 6. Let z be a(-15). Suppose h - z = -h. What is the greatest common divisor of h and 60?
12
Suppose 54*i - 19*i - 120 = 27*i. Suppose 98 - 638 = -4*k. Calculate the greatest common divisor of k and i.
15
Let x(k) = -4*k**2 + 82*k + 2. Let q be x(18). Calculate the greatest common divisor of q and 126.
14
Let r be -7*(-3 + -3 + 5). Let n(k) = k**2 - 4*k - 12. Let p be n(r). Calculate the greatest common factor of 54 and p.
9
Let y = -95 + 113. What is the greatest common divisor of y and 16?
2
Let q be (-4)/(-22) - (575262/99)/(-18). Calculate the highest common factor of 17 and q.
17
Let q be 1/(0 - 3/(-123)). Suppose -3*s = -i - i - 138, s - q = -i. Suppose 5*o - o - s = -t, -o - t + 8 = 0. Calculate the greatest common divisor of o and 84.
12
Let a = -1694 + 1698. Calculate the highest common factor of a and 164.
4
Let s = 25 - 15. Let f = 26 - -63. Suppose 0 = r - 3*w - f, 46 - 123 = -r - w. Calculate the greatest common factor of r and s.
10
Let j(y) be the second derivative of -y**4/12 + 17*y**3/6 - 2*y**2 + 13*y. Let g be j(13). What is the greatest common divisor of g and 120?
24
Suppose -2*x - t - 65 = 0, 4*t = 5*x + 119 + 76. Let v = -22 - x. What is the highest common factor of v and 13?
13
Suppose 2*p = 5 + 75. Suppose 7*g - 82 + p = 0. Calculate the highest common factor of 30 and g.
6
Let m(o) be the second derivative of -5*o**3/6 - 69*o**2/2 + 47*o. Let t be m(-14). What is the highest common factor of t and 8?
1
Let x be (-16)/(-28) + 465/7. What is the highest common divisor of 1809 and x?
67
Let f(j) = 17*j + 1. Let g be f(1). Let h = 688 + -1048. Let p be (h/(-21))/((-2)/(-21)). Calculate the greatest common divisor of p and g.
18
Let x be (1/(-3))/((-1)/12 - 0). Suppose 2*n - x*z - 112 = -0*n, 4*n + 3*z - 268 = 0. Let b be (-4)/(((-6)/8)/3). What is the highest common divisor of n and b?
16
Suppose 2*j - 115 + 13 = -3*z, -5*j - z = -229. Let d be 24/(-44) - 2040/(-110). Calculate the highest common factor of j and d.
9
Suppose -b - 8 + 61 = 0. Suppose -b = -4*r + 5*w, 3*w = 2*r - 41 + 14. Let q = r + -7. What is the greatest common divisor of 10 and q?
5
Let y = -368 - -458. What is the greatest common factor of 330 and y?
30
Let i(y) = 26*y - 990. Let s be i(39). Suppose -3*c + 17 + 79 = 0. Calculate the highest common divisor of s and c.
8
Let q(i) = 3*i**2 + i + 2. Let j be q(-2). Suppose 3*d - 353 = 4*m - 49, 545 = 5*d + m. Suppose 36 = -2*c + d. Calculate the highest common factor of j and c.
12
Let z(q) = -5*q - 34. Let v(t) = -4*t - 33. Let x(l) = -4*v(l) + 3*z(l). Let g be x(-14). Let u = g + -2. Calculate the highest common divisor of 21 and u.
7
Let a be 4*(66/24 - 2). Let j(f) = f**3 - 8*f**2 - 10*f + 12. Let r be j(9). Calculate the highest common divisor of r and a.
3
Let j be 22 + 0 + -2*(-7)/7. Let i(u) = -2*u**2 - 3 + 3*u**3 - 2*u**3 + 7*u**2 - 3*u. Let r be i(-5). What is the greatest common factor of r and j?
12
Let c be (-176)/33*(-69)/4. Calculate the highest common factor of 506 and c.
46
Suppose 0 = 7*s - s - 108. Let m be (-9)/s*20*-1. What is the highest common factor of m and 110?
10
Let u be 36 - (13 + -2 + -6). Let h be 4/6*102/4. Let s = h + u. What is the greatest common divisor of s and 12?
12
Let t(w) = w**3 - 12*w**2 + 8*w + 12. Let l be t(13). Let b be (-3)/(-5) - l/(-25). What is the greatest common divisor of b and 8?
4
Let k(t) = 12*t**2 - 14*t - 14. Let m be k(11). Suppose -66 = -6*f + m. Calculate the greatest common divisor of 25 and f.
25
Suppose 0 = 3*w - 8*w + 40. Suppose -w*p + 10 = -6*p. Calculate the greatest common factor of p and 40.
5
Let g(t) = -t + 2. Let m be g(0). Let p be -10*6/(-15) + m. What is the greatest common divisor of 48 and p?
6
Let v = 49 + -3. Let b be (-72)/(-5) - (v/(-10) - -4). Let r be 16 + (1*-2)/2. Calculate the highest common factor of r and b.
15
Let p be (5 + -4 - -1)/((-2)/(-110)). Calculate the highest common divisor of p and 77.
11
Suppose 2*x + 3*x - 3*w - 628 = 0, -108 = -x + 5*w. What is the greatest common factor of 24 and x?
8
Let f(q) = 2*q**2 + 15*q - 2. Let y be f(10). Suppose -4*x + y = -120. Let m be 2/(-8) + 159/12. What is the highest common factor of m and x?
13
Suppose 5695 - 195 = 10*q. What is the greatest common factor of q and 100?
50
Let f be ((-72)/63)/(-2) + (-1949)/(-7). Calculate the highest common divisor of f and 9.
9
Let m(w) = w**3 + 5*w**2 + 4*w - 1. Let s be m(-3). Suppose -3 - 22 = -s*v. Let g be (v/3)/((-1)/(-9)). Calculate the highest common factor of g and 5.
5
Suppose 3*y + 29 = -7. Let q = y + 21. What is the greatest common divisor of q and 3?
3
Let m be 10*(336/40 + 0). Calculate the greatest common divisor of 12 and m.
12
Let l be 34 + (-11 - (-28)/7). Calculate the greatest common factor of l and 144.
9
Suppose -5*q = -3*l - 143, 2*q = -l - 4*l + 82. Let j = -449 + 728. Calculate the highest common divisor of q and j.
31
Suppose -4*c + 3 + 54 = -3*w, 0 = 4*c - 2*w - 54. Let h be (-2 + 15/20)/((-3)/c). What is the greatest common factor of 85 and h?
5
Let s = -22 + 26. Suppose -s*l + 6*c = c - 2903, 0 = -4*l + 2*c + 2918. Let z be 2/14 + l/21. What is